{"id":2020,"date":"2019-11-15T10:54:58","date_gmt":"2019-11-15T09:54:58","guid":{"rendered":"https:\/\/www.festicheyres.ch\/?page_id=2020"},"modified":"2025-07-10T22:16:33","modified_gmt":"2025-07-10T20:16:33","slug":"prevention","status":"publish","type":"page","link":"https:\/\/www.festicheyres.ch\/pratique\/prevention\/","title":{"rendered":"Pr\u00e9vention"},"content":{"rendered":"<div class=\"wpb-content-wrapper\"><p>[vc_row][vc_column][vc_column_text]<\/p>\n<div id=\"center\">\n<div id=\"content\">\n<h1>Pr\u00e9vention<\/h1>\n<\/div>\n<\/div>\n<p>[\/vc_column_text][\/vc_column][vc_column width=\u00a0\u00bb1\/2&Prime;][vc_empty_space][vc_single_image image=\u00a0\u00bb2346&Prime; img_size=\u00a0\u00bbmedium\u00a0\u00bb alignment=\u00a0\u00bbcenter\u00a0\u00bb css_animation=\u00a0\u00bbslideInLeft\u00a0\u00bb css=\u00a0\u00bb\u00a0\u00bb][vc_empty_space][vc_separator style=\u00a0\u00bbshadow\u00a0\u00bb el_width=\u00a0\u00bb70&Prime; css_animation=\u00a0\u00bbslideInLeft\u00a0\u00bb][vc_empty_space][vc_column_text css_animation=\u00a0\u00bbslideInLeft\u00a0\u00bb css=\u00a0\u00bb\u00a0\u00bb]<\/p>\n<p style=\"text-align: center;\">En collaboration avec<\/p>\n<p style=\"text-align: center;\"><a href=\"https:\/\/www.pocketbox.ch\" target=\"_blank\" rel=\"noopener\"><img loading=\"lazy\" decoding=\"async\" class=\"alignnone size-full wp-image-2347\" src=\"https:\/\/www.festicheyres.ch\/wp-content\/uploads\/2020\/03\/Cora_Pocketbox_Logo.jpg\" alt=\"\" width=\"273\" height=\"42\" \/><\/a><\/p>\n<p style=\"text-align: center;\"><img loading=\"lazy\" decoding=\"async\" class=\"alignnone size-medium wp-image-2348\" src=\"https:\/\/www.festicheyres.ch\/wp-content\/uploads\/2020\/03\/mobiliere-300x96.png\" alt=\"\" width=\"300\" height=\"96\" srcset=\"https:\/\/www.festicheyres.ch\/wp-content\/uploads\/2020\/03\/mobiliere-300x96.png 300w, https:\/\/www.festicheyres.ch\/wp-content\/uploads\/2020\/03\/mobiliere-558x179.png 558w, https:\/\/www.festicheyres.ch\/wp-content\/uploads\/2020\/03\/mobiliere.png 630w\" sizes=\"auto, (max-width: 300px) 100vw, 300px\" \/><\/p>\n<p style=\"text-align: center;\"><a href=\"https:\/\/www.smartevent.info\/fr\" target=\"_blank\" rel=\"noopener\"><img loading=\"lazy\" decoding=\"async\" class=\"alignnone size-full wp-image-5697\" src=\"https:\/\/www.festicheyres.ch\/wp-content\/uploads\/2025\/07\/logo-smartevent_0.png\" alt=\"\" width=\"200\" height=\"200\" srcset=\"https:\/\/www.festicheyres.ch\/wp-content\/uploads\/2025\/07\/logo-smartevent_0.png 200w, https:\/\/www.festicheyres.ch\/wp-content\/uploads\/2025\/07\/logo-smartevent_0-150x150.png 150w\" sizes=\"auto, (max-width: 200px) 100vw, 200px\" \/><\/a><\/p>\n<p>[\/vc_column_text][\/vc_column][vc_column width=\u00a0\u00bb1\/2&Prime;][vc_column_text css_animation=\u00a0\u00bbslideInRight\u00a0\u00bb]<\/p>\n<h2>Pense \u00e0 prot\u00e9ger tes oreilles et celles de tes enfants<\/h2>\n<p>L\u2019exposition prolong\u00e9e \u00e0 la musique live peut endommager l\u2019ou\u00efe.<\/p>\n<ul>\n<li>Mise \u00e0 disposition de tampons auriculaires<\/li>\n<li>Pr\u00eat de casques pour enfants<\/li>\n<li>Vente de casques pour enfants 24.-<\/li>\n<\/ul>\n<p>De quoi rester devant la sc\u00e8ne toute la journ\u00e9e ![\/vc_column_text][vc_column_text css_animation=\u00a0\u00bbslideInRight\u00a0\u00bb]<\/p>\n<h2>Utilise une bo\u00eete \u00e0 m\u00e9gots<\/h2>\n<p>Pense \u00e0 l\u2019environnement et aux b\u00e9n\u00e9voles charg\u00e9s du nettoyage du site, utilise nos pocketboxes ![\/vc_column_text][vc_column_text css_animation=\u00a0\u00bbslideInRight\u00a0\u00bb]<\/p>\n<h2>Prot\u00e9ge-toi du soleil<\/h2>\n<p>Festi\u2019Cheyres met \u00e0 disposition des festivaliers de la cr\u00e8me solaire. Nous vendons \u00e9galement des casquettes et des parasols de plage.[\/vc_column_text][\/vc_column][\/vc_row]<\/p>\n<\/div>","protected":false},"excerpt":{"rendered":"<p>[vc_row][vc_column][vc_column_text] Pr\u00e9vention [\/vc_column_text][\/vc_column][vc_column width=\u00a0\u00bb1\/2&Prime;][vc_empty_space][vc_single_image image=\u00a0\u00bb2346&Prime; img_size=\u00a0\u00bbmedium\u00a0\u00bb alignment=\u00a0\u00bbcenter\u00a0\u00bb css_animation=\u00a0\u00bbslideInLeft\u00a0\u00bb css=\u00a0\u00bb\u00a0\u00bb][vc_empty_space][vc_separator style=\u00a0\u00bbshadow\u00a0\u00bb el_width=\u00a0\u00bb70&Prime; css_animation=\u00a0\u00bbslideInLeft\u00a0\u00bb][vc_empty_space][vc_column_text css_animation=\u00a0\u00bbslideInLeft\u00a0\u00bb css=\u00a0\u00bb\u00a0\u00bb] En collaboration avec [\/vc_column_text][\/vc_column][vc_column width=\u00a0\u00bb1\/2&Prime;][vc_column_text css_animation=\u00a0\u00bbslideInRight\u00a0\u00bb] Pense \u00e0 prot\u00e9ger tes oreilles et celles de tes enfants L\u2019exposition prolong\u00e9e \u00e0 la musique live peut endommager l\u2019ou\u00efe. Mise \u00e0 disposition de tampons auriculaires Pr\u00eat de casques pour enfants Vente de casques pour enfants&hellip;<\/p>\n","protected":false},"author":5,"featured_media":0,"parent":2001,"menu_order":4,"comment_status":"closed","ping_status":"closed","template":"","meta":{"_acf_changed":false,"footnotes":""},"class_list":["post-2020","page","type-page","status-publish","hentry"],"acf":[],"_links":{"self":[{"href":"https:\/\/www.festicheyres.ch\/wp-json\/wp\/v2\/pages\/2020","targetHints":{"allow":["GET"]}}],"collection":[{"href":"https:\/\/www.festicheyres.ch\/wp-json\/wp\/v2\/pages"}],"about":[{"href":"https:\/\/www.festicheyres.ch\/wp-json\/wp\/v2\/types\/page"}],"author":[{"embeddable":true,"href":"https:\/\/www.festicheyres.ch\/wp-json\/wp\/v2\/users\/5"}],"replies":[{"embeddable":true,"href":"https:\/\/www.festicheyres.ch\/wp-json\/wp\/v2\/comments?post=2020"}],"version-history":[{"count":9,"href":"https:\/\/www.festicheyres.ch\/wp-json\/wp\/v2\/pages\/2020\/revisions"}],"predecessor-version":[{"id":5700,"href":"https:\/\/www.festicheyres.ch\/wp-json\/wp\/v2\/pages\/2020\/revisions\/5700"}],"up":[{"embeddable":true,"href":"https:\/\/www.festicheyres.ch\/wp-json\/wp\/v2\/pages\/2001"}],"wp:attachment":[{"href":"https:\/\/www.festicheyres.ch\/wp-json\/wp\/v2\/media?parent=2020"}],"curies":[{"name":"wp","href":"https:\/\/api.w.org\/{rel}","templated":true}]}}

Prévention

<div class="wpb-content-wrapper"><p>[vc_row][vc_column][vc_column_text]</p>
<div id="center">
<div id="content">
<h1>Prévention</h1>
</div>
</div>
<p>[/vc_column_text][/vc_column][vc_column width= »1/2&Prime;][vc_empty_space][vc_single_image image= »2346&Prime; img_size= »medium » alignment= »center » css_animation= »slideInLeft » css= » »][vc_empty_space][vc_separator style= »shadow » el_width= »70&Prime; css_animation= »slideInLeft »][vc_empty_space][vc_column_text css_animation= »slideInLeft » css= » »]</p>
<p style="text-align: center;">En collaboration avec</p>
<p style="text-align: center;"><a href="https://www.pocketbox.ch" target="_blank" rel="noopener"><img loading="lazy" decoding="async" class="alignnone size-full wp-image-2347" src="https://www.festicheyres.ch/wp-content/uploads/2020/03/Cora_Pocketbox_Logo.jpg" alt="" width="273" height="42" /></a></p>
<p style="text-align: center;"><img loading="lazy" decoding="async" class="alignnone size-medium wp-image-2348" src="https://www.festicheyres.ch/wp-content/uploads/2020/03/mobiliere-300x96.png" alt="" width="300" height="96" srcset="https://www.festicheyres.ch/wp-content/uploads/2020/03/mobiliere-300x96.png 300w, https://www.festicheyres.ch/wp-content/uploads/2020/03/mobiliere-558x179.png 558w, https://www.festicheyres.ch/wp-content/uploads/2020/03/mobiliere.png 630w" sizes="auto, (max-width: 300px) 100vw, 300px" /></p>
<p style="text-align: center;"><a href="https://www.smartevent.info/fr" target="_blank" rel="noopener"><img loading="lazy" decoding="async" class="alignnone size-full wp-image-5697" src="https://www.festicheyres.ch/wp-content/uploads/2025/07/logo-smartevent_0.png" alt="" width="200" height="200" srcset="https://www.festicheyres.ch/wp-content/uploads/2025/07/logo-smartevent_0.png 200w, https://www.festicheyres.ch/wp-content/uploads/2025/07/logo-smartevent_0-150x150.png 150w" sizes="auto, (max-width: 200px) 100vw, 200px" /></a></p>
<p>[/vc_column_text][/vc_column][vc_column width= »1/2&Prime;][vc_column_text css_animation= »slideInRight »]</p>
<h2>Pense à protéger tes oreilles et celles de tes enfants</h2>
<p>L’exposition prolongée à la musique live peut endommager l’ouïe.</p>
<ul>
<li>Mise à disposition de tampons auriculaires</li>
<li>Prêt de casques pour enfants</li>
<li>Vente de casques pour enfants 24.-</li>
</ul>
<p>De quoi rester devant la scène toute la journée ![/vc_column_text][vc_column_text css_animation= »slideInRight »]</p>
<h2>Utilise une boîte à mégots</h2>
<p>Pense à l’environnement et aux bénévoles chargés du nettoyage du site, utilise nos pocketboxes ![/vc_column_text][vc_column_text css_animation= »slideInRight »]</p>
<h2>Protége-toi du soleil</h2>
<p>Festi’Cheyres met à disposition des festivaliers de la crème solaire. Nous vendons également des casquettes et des parasols de plage.[/vc_column_text][/vc_column][/vc_row]</p>
</div>

<p>[vc_row][vc_column][vc_column_text] Prévention [/vc_column_text][/vc_column][vc_column width= »1/2&Prime;][vc_empty_space][vc_single_image image= »2346&Prime; img_size= »medium » alignment= »center » css_animation= »slideInLeft » css= » »][vc_empty_space][vc_separator style= »shadow » el_width= »70&Prime; css_animation= »slideInLeft »][vc_empty_space][vc_column_text css_animation= »slideInLeft » css= » »] En collaboration avec [/vc_column_text][/vc_column][vc_column width= »1/2&Prime;][vc_column_text css_animation= »slideInRight »] Pense à protéger tes oreilles et celles de tes enfants L’exposition prolongée à la musique live peut endommager l’ouïe. Mise à disposition de tampons auriculaires Prêt de casques pour enfants Vente de casques pour enfants&hellip;</p>
