{"id":3731,"date":"2022-06-16T14:52:40","date_gmt":"2022-06-16T12:52:40","guid":{"rendered":"https:\/\/www.festicheyres.ch\/?page_id=3731"},"modified":"2023-05-08T22:37:51","modified_gmt":"2023-05-08T20:37:51","slug":"inscription-volley","status":"publish","type":"page","link":"https:\/\/www.festicheyres.ch\/programme\/inscription-volley\/","title":{"rendered":"Inscription Volley"},"content":{"rendered":"<section class=\"wpb-content-wrapper\"><p>[vc_row][vc_column][vc_column_text]<\/p>\n<h1>Inscription au tournoi de Volley<\/h1>\n<p>Prix : 10 CHF pour toute l&rsquo;\u00e9quipe<br \/>\nNombre de personne par \u00e9quipe : max. 5<br \/>\nHoraires : RDV \u00e0 la plage de Cheyres \u00e0 10h30, d\u00e9but du tournoi 11h, fin : environ 13h30.[\/vc_column_text][vc_row_inner][vc_column_inner][vc_column_text]<\/p>\n<table class=\"nf-table-display\">\n<tbody class=\"forms-collection\">\n<tr>\n<td><noscript class=\"ninja-forms-noscript-message\">\n\tRemarque\u00a0: JavaScript est requis pour ce contenu.<\/noscript>\nLes inscriptions au tournoi sont compl\u00e8tes ! D\u00e9sol\u00e9.<br>On se r\u00e9jouit de vous voir au festival \ud83d\ude42<\/td>\n<\/tr>\n<\/tbody>\n<\/table>\n<p>[\/vc_column_text][\/vc_column_inner][\/vc_row_inner][\/vc_column][\/vc_row]<\/p>\n<\/section>","protected":false},"excerpt":{"rendered":"<p>[vc_row][vc_column][vc_column_text] Inscription au tournoi de Volley Prix : 10 CHF pour toute l&rsquo;\u00e9quipe Nombre de personne par \u00e9quipe : max. 5 Horaires : RDV \u00e0 la plage de Cheyres \u00e0 10h30, d\u00e9but du tournoi 11h, fin : environ 13h30.[\/vc_column_text][vc_row_inner][vc_column_inner][vc_column_text] [\/vc_column_text][\/vc_column_inner][\/vc_row_inner][\/vc_column][\/vc_row]<\/p>\n","protected":false},"author":8,"featured_media":0,"parent":91,"menu_order":4,"comment_status":"closed","ping_status":"closed","template":"","meta":[],"acf":[],"_links":{"self":[{"href":"https:\/\/www.festicheyres.ch\/wp-json\/wp\/v2\/pages\/3731"}],"collection":[{"href":"https:\/\/www.festicheyres.ch\/wp-json\/wp\/v2\/pages"}],"about":[{"href":"https:\/\/www.festicheyres.ch\/wp-json\/wp\/v2\/types\/page"}],"author":[{"embeddable":true,"href":"https:\/\/www.festicheyres.ch\/wp-json\/wp\/v2\/users\/8"}],"replies":[{"embeddable":true,"href":"https:\/\/www.festicheyres.ch\/wp-json\/wp\/v2\/comments?post=3731"}],"version-history":[{"count":4,"href":"https:\/\/www.festicheyres.ch\/wp-json\/wp\/v2\/pages\/3731\/revisions"}],"predecessor-version":[{"id":4293,"href":"https:\/\/www.festicheyres.ch\/wp-json\/wp\/v2\/pages\/3731\/revisions\/4293"}],"up":[{"embeddable":true,"href":"https:\/\/www.festicheyres.ch\/wp-json\/wp\/v2\/pages\/91"}],"wp:attachment":[{"href":"https:\/\/www.festicheyres.ch\/wp-json\/wp\/v2\/media?parent=3731"}],"curies":[{"name":"wp","href":"https:\/\/api.w.org\/{rel}","templated":true}]}}

<section class="wpb-content-wrapper"><p>[vc_row][vc_column][vc_column_text]</p>
<h1>Inscription au tournoi de Volley</h1>
<p>Prix : 10 CHF pour toute l&rsquo;équipe<br />
Nombre de personne par équipe : max. 5<br />
Horaires : RDV à la plage de Cheyres à 10h30, début du tournoi 11h, fin : environ 13h30.[/vc_column_text][vc_row_inner][vc_column_inner][vc_column_text]</p>
<table class="nf-table-display">
<tbody class="forms-collection">
<tr>
<td><noscript class="ninja-forms-noscript-message">
	Remarque : JavaScript est requis pour ce contenu.</noscript>
Les inscriptions au tournoi sont complètes ! Désolé.<br>On se réjouit de vous voir au festival 🙂</td>
</tr>
</tbody>
</table>
<p>[/vc_column_text][/vc_column_inner][/vc_row_inner][/vc_column][/vc_row]</p>
</section>

<p>[vc_row][vc_column][vc_column_text] Inscription au tournoi de Volley Prix : 10 CHF pour toute l&rsquo;équipe Nombre de personne par équipe : max. 5 Horaires : RDV à la plage de Cheyres à 10h30, début du tournoi 11h, fin : environ 13h30.[/vc_column_text][vc_row_inner][vc_column_inner][vc_column_text] [/vc_column_text][/vc_column_inner][/vc_row_inner][/vc_column][/vc_row]</p>
