{"id":2018,"date":"2019-11-15T10:53:10","date_gmt":"2019-11-15T09:53:10","guid":{"rendered":"https:\/\/www.festicheyres.ch\/?page_id=2018"},"modified":"2023-06-01T16:48:50","modified_gmt":"2023-06-01T14:48:50","slug":"restauration","status":"publish","type":"page","link":"https:\/\/www.festicheyres.ch\/pratique\/restauration\/","title":{"rendered":"Restauration"},"content":{"rendered":"<section class=\"wpb-content-wrapper\"><p>[vc_row][vc_column][vc_column_text css_animation=\u00a0\u00bbfadeIn\u00a0\u00bb]<\/p>\n<h1>Restauration<\/h1>\n<p>[\/vc_column_text][\/vc_column][\/vc_row][vc_row][vc_column width=\u00a0\u00bb1\/2&Prime;][vc_column_text css_animation=\u00a0\u00bbslideInLeft\u00a0\u00bb]<\/p>\n<h2>La Festi\u2019cuisine<\/h2>\n<p>A la Festi&rsquo;cuisine, ce sont des b\u00e9n\u00e9voles qui cuisinent pour les festivaliers! L&rsquo;Incroyable \u00e9quipe de chefs se r\u00e9jouit de vous concocter de d\u00e9licieux mets! Des mythiques <strong>Festipains<\/strong> \u00e0 la viande et v\u00e9g\u00e9tariens en passant par les saucisses de veau, <strong>friture du lac<\/strong>, buffet de salades et bien d\u2019autres, tout est pr\u00e9vu pour venir \u00e0 bout de ta faim!<\/p>\n<p>Pour accompagner ton ap\u00e9ro, cette ann\u00e9e on te propose des <strong>planchettes de sanglier de la grande Cari\u00e7aie ou de fromage<\/strong> ![\/vc_column_text][vc_separator style=\u00a0\u00bbshadow\u00a0\u00bb border_width=\u00a0\u00bb2&Prime; el_width=\u00a0\u00bb70&Prime; css_animation=\u00a0\u00bbslideInLeft\u00a0\u00bb][vc_column_text css_animation=\u00a0\u00bbslideInLeft\u00a0\u00bb]<\/p>\n<h2><strong>Petits d\u00e9j. au bord de l\u2019eau\u00a0<\/strong><\/h2>\n<p><b>Samedi 08 juillet<\/b> <b>d\u00e8s 9h00<\/b><\/p>\n<p><b>Dimanche 09 juillet<\/b> <b>d\u00e8s 9h00<\/b><\/p>\n<p><span style=\"font-weight: 400;\">Tresse, cuchaule, caf\u00e9, th\u00e9, etc sur la plage. Un vrai petit d\u00e9jeuner pour une belle journ\u00e9e.<\/span>[\/vc_column_text][vc_column_text css_animation=\u00a0\u00bbslideInLeft\u00a0\u00bb]<\/p>\n<h2><strong>Des stands de nourriture<\/strong><\/h2>\n<p>Pour diversifier l&rsquo;offre, tu trouveras aussi des stands proposant divers plats sal\u00e9s et sucr\u00e9s. De quoi combler tous les palais![\/vc_column_text][\/vc_column][vc_column width=\u00a0\u00bb1\/2&Prime;][vc_single_image image=\u00a0\u00bb2344&Prime; img_size=\u00a0\u00bbmedium\u00a0\u00bb css_animation=\u00a0\u00bbslideInRight\u00a0\u00bb][vc_single_image image=\u00a0\u00bb2342&Prime; img_size=\u00a0\u00bbmedium\u00a0\u00bb css_animation=\u00a0\u00bbslideInRight\u00a0\u00bb][vc_images_carousel images=\u00a0\u00bb2341,2343&Prime; img_size=\u00a0\u00bbmedium\u00a0\u00bb autoplay=\u00a0\u00bbyes\u00a0\u00bb hide_pagination_control=\u00a0\u00bbyes\u00a0\u00bb hide_prev_next_buttons=\u00a0\u00bbyes\u00a0\u00bb wrap=\u00a0\u00bbyes\u00a0\u00bb css_animation=\u00a0\u00bbslideInRight\u00a0\u00bb][\/vc_column][\/vc_row]<\/p>\n<\/section>","protected":false},"excerpt":{"rendered":"<p>[vc_row][vc_column][vc_column_text css_animation=\u00a0\u00bbfadeIn\u00a0\u00bb] Restauration [\/vc_column_text][\/vc_column][\/vc_row][vc_row][vc_column width=\u00a0\u00bb1\/2&Prime;][vc_column_text css_animation=\u00a0\u00bbslideInLeft\u00a0\u00bb] La Festi\u2019cuisine A la Festi&rsquo;cuisine, ce sont des b\u00e9n\u00e9voles qui cuisinent pour les festivaliers! L&rsquo;Incroyable \u00e9quipe de chefs se r\u00e9jouit de vous concocter de d\u00e9licieux mets! Des mythiques Festipains \u00e0 la viande et v\u00e9g\u00e9tariens en passant par les saucisses de veau, friture du lac, buffet de salades et bien<\/p>\n","protected":false},"author":5,"featured_media":0,"parent":2001,"menu_order":3,"comment_status":"closed","ping_status":"closed","template":"","meta":[],"acf":[],"_links":{"self":[{"href":"https:\/\/www.festicheyres.ch\/wp-json\/wp\/v2\/pages\/2018"}],"collection":[{"href":"https:\/\/www.festicheyres.ch\/wp-json\/wp\/v2\/pages"}],"about":[{"href":"https:\/\/www.festicheyres.ch\/wp-json\/wp\/v2\/types\/page"}],"author":[{"embeddable":true,"href":"https:\/\/www.festicheyres.ch\/wp-json\/wp\/v2\/users\/5"}],"replies":[{"embeddable":true,"href":"https:\/\/www.festicheyres.ch\/wp-json\/wp\/v2\/comments?post=2018"}],"version-history":[{"count":21,"href":"https:\/\/www.festicheyres.ch\/wp-json\/wp\/v2\/pages\/2018\/revisions"}],"predecessor-version":[{"id":4384,"href":"https:\/\/www.festicheyres.ch\/wp-json\/wp\/v2\/pages\/2018\/revisions\/4384"}],"up":[{"embeddable":true,"href":"https:\/\/www.festicheyres.ch\/wp-json\/wp\/v2\/pages\/2001"}],"wp:attachment":[{"href":"https:\/\/www.festicheyres.ch\/wp-json\/wp\/v2\/media?parent=2018"}],"curies":[{"name":"wp","href":"https:\/\/api.w.org\/{rel}","templated":true}]}}

<section class="wpb-content-wrapper"><p>[vc_row][vc_column][vc_column_text css_animation= »fadeIn »]</p>
<h1>Restauration</h1>
<p>[/vc_column_text][/vc_column][/vc_row][vc_row][vc_column width= »1/2&Prime;][vc_column_text css_animation= »slideInLeft »]</p>
<h2>La Festi’cuisine</h2>
<p>A la Festi&rsquo;cuisine, ce sont des bénévoles qui cuisinent pour les festivaliers! L&rsquo;Incroyable équipe de chefs se réjouit de vous concocter de délicieux mets! Des mythiques <strong>Festipains</strong> à la viande et végétariens en passant par les saucisses de veau, <strong>friture du lac</strong>, buffet de salades et bien d’autres, tout est prévu pour venir à bout de ta faim!</p>
<p>Pour accompagner ton apéro, cette année on te propose des <strong>planchettes de sanglier de la grande Cariçaie ou de fromage</strong> ![/vc_column_text][vc_separator style= »shadow » border_width= »2&Prime; el_width= »70&Prime; css_animation= »slideInLeft »][vc_column_text css_animation= »slideInLeft »]</p>
<h2><strong>Petits déj. au bord de l’eau </strong></h2>
<p><b>Samedi 08 juillet</b> <b>dès 9h00</b></p>
<p><b>Dimanche 09 juillet</b> <b>dès 9h00</b></p>
<p><span style="font-weight: 400;">Tresse, cuchaule, café, thé, etc sur la plage. Un vrai petit déjeuner pour une belle journée.</span>[/vc_column_text][vc_column_text css_animation= »slideInLeft »]</p>
<h2><strong>Des stands de nourriture</strong></h2>
<p>Pour diversifier l&rsquo;offre, tu trouveras aussi des stands proposant divers plats salés et sucrés. De quoi combler tous les palais![/vc_column_text][/vc_column][vc_column width= »1/2&Prime;][vc_single_image image= »2344&Prime; img_size= »medium » css_animation= »slideInRight »][vc_single_image image= »2342&Prime; img_size= »medium » css_animation= »slideInRight »][vc_images_carousel images= »2341,2343&Prime; img_size= »medium » autoplay= »yes » hide_pagination_control= »yes » hide_prev_next_buttons= »yes » wrap= »yes » css_animation= »slideInRight »][/vc_column][/vc_row]</p>
</section>

<p>[vc_row][vc_column][vc_column_text css_animation= »fadeIn »] Restauration [/vc_column_text][/vc_column][/vc_row][vc_row][vc_column width= »1/2&Prime;][vc_column_text css_animation= »slideInLeft »] La Festi’cuisine A la Festi&rsquo;cuisine, ce sont des bénévoles qui cuisinent pour les festivaliers! L&rsquo;Incroyable équipe de chefs se réjouit de vous concocter de délicieux mets! Des mythiques Festipains à la viande et végétariens en passant par les saucisses de veau, friture du lac, buffet de salades et bien</p>
