{"id":16,"date":"2018-11-12T00:01:31","date_gmt":"2018-11-11T23:01:31","guid":{"rendered":"https:\/\/projet2020.festicheyres.ch\/?page_id=16"},"modified":"2023-06-01T16:49:15","modified_gmt":"2023-06-01T14:49:15","slug":"presentation","status":"publish","type":"page","link":"https:\/\/www.festicheyres.ch\/festival\/presentation\/","title":{"rendered":"Pr\u00e9sentation"},"content":{"rendered":"<section class=\"wpb-content-wrapper\"><p>[vc_row][vc_column][vc_column_text]<\/p>\n<h1>Festi&rsquo;Cheyres, c&rsquo;est quoi ?<\/h1>\n<p>[\/vc_column_text][\/vc_column][\/vc_row][vc_row][vc_column width=\u00a0\u00bb1\/2&Prime;][vc_column_text]<strong>Festi\u2019Cheyres, c\u2019est d\u2019abord une bande de copains, amateurs de musique, de f\u00eate et de soci\u00e9t\u00e9. Mais c\u2019est aussi un cadre idyllique : une petite plage de sable au milieu de la r\u00e9serve naturelle de la Grande Cari\u00e7aie. La rencontre de ces deux \u00e9l\u00e9ments donne naissance \u00e0 un cocktail des plus explosifs : un festival gratuit, les pieds dans l\u2019eau, avec de la musique plein les oreilles ! <\/strong><\/p>\n<p>A Festi\u2019Cheyres, il r\u00e8gne une ambiance particuli\u00e8re, unique ; une atmosph\u00e8re presque magique. Cela s\u2019explique tout d\u2019abord par la gratuit\u00e9 du festival, principe fondamental, qui permet un acc\u00e8s \u00e0 la culture pour tous. Cette gratuit\u00e9 si ch\u00e8re au festival offre aussi aux festivaliers un site compl\u00e8tement ouvert, o\u00f9 l\u2019on peut profiter d\u2019un acc\u00e8s direct \u00e0 la plage et au lac, au farniente.<\/p>\n<p>Cela s\u2019explique ensuite par une programmation musicale et artistique tr\u00e8s diversifi\u00e9e qui promet de la d\u00e9couverte et cr\u00e9e de la rencontre entre personnes de diff\u00e9rents horizons. Enfin, le fait que l\u2019organisation enti\u00e8re du festival repose \u00e0 100% sur du b\u00e9n\u00e9volat entra\u00eene un esprit de solidarit\u00e9 et d\u2019amiti\u00e9 qui se ressent et d\u00e9borde sur le public.<\/p>\n<p>De par son cadre, sa gratuit\u00e9, sa programmation et son esprit d\u2019\u00e9quipe et bon enfant, Festi\u2019Cheyres est un festival unique en son genre, bref, le Plus Gratuit Des Incroyables ![\/vc_column_text][\/vc_column][vc_column width=\u00a0\u00bb1\/2&Prime;][vc_single_image image=\u00a0\u00bb2326&Prime; img_size=\u00a0\u00bblarge\u00a0\u00bb][\/vc_column][\/vc_row][vc_row][vc_column][vc_btn title=\u00a0\u00bbL&rsquo;Histoire de Festi&rsquo;Cheyres\u00a0\u00bb style=\u00a0\u00bbclassic\u00a0\u00bb shape=\u00a0\u00bbsquare\u00a0\u00bb color=\u00a0\u00bbpink\u00a0\u00bb size=\u00a0\u00bblg\u00a0\u00bb align=\u00a0\u00bbcenter\u00a0\u00bb link=\u00a0\u00bburl:https%3A%2F%2Fwww.festicheyres.ch%2Ffestival%2Fhistoire%2F|title:Histoire|rel:nofollow\u00a0\u00bb][vc_empty_space][\/vc_column][\/vc_row][vc_row][vc_column width=\u00a0\u00bb1\/2&Prime;][vc_single_image image=\u00a0\u00bb2325&Prime; img_size=\u00a0\u00bblarge\u00a0\u00bb][\/vc_column][vc_column width=\u00a0\u00bb1\/2&Prime;][vc_single_image image=\u00a0\u00bb2327&Prime; img_size=\u00a0\u00bblarge\u00a0\u00bb][\/vc_column][\/vc_row]<\/p>\n<\/section>","protected":false},"excerpt":{"rendered":"<p>[vc_row][vc_column][vc_column_text] Festi&rsquo;Cheyres, c&rsquo;est quoi ? [\/vc_column_text][\/vc_column][\/vc_row][vc_row][vc_column width=\u00a0\u00bb1\/2&Prime;][vc_column_text]Festi\u2019Cheyres, c\u2019est d\u2019abord une bande de copains, amateurs de musique, de f\u00eate et de soci\u00e9t\u00e9. Mais c\u2019est aussi un cadre idyllique : une petite plage de sable au milieu de la r\u00e9serve naturelle de la Grande Cari\u00e7aie. La rencontre de ces deux \u00e9l\u00e9ments donne naissance \u00e0 un cocktail des<\/p>\n","protected":false},"author":1,"featured_media":0,"parent":8,"menu_order":1,"comment_status":"closed","ping_status":"closed","template":"","meta":[],"acf":[],"_links":{"self":[{"href":"https:\/\/www.festicheyres.ch\/wp-json\/wp\/v2\/pages\/16"}],"collection":[{"href":"https:\/\/www.festicheyres.ch\/wp-json\/wp\/v2\/pages"}],"about":[{"href":"https:\/\/www.festicheyres.ch\/wp-json\/wp\/v2\/types\/page"}],"author":[{"embeddable":true,"href":"https:\/\/www.festicheyres.ch\/wp-json\/wp\/v2\/users\/1"}],"replies":[{"embeddable":true,"href":"https:\/\/www.festicheyres.ch\/wp-json\/wp\/v2\/comments?post=16"}],"version-history":[{"count":12,"href":"https:\/\/www.festicheyres.ch\/wp-json\/wp\/v2\/pages\/16\/revisions"}],"predecessor-version":[{"id":4392,"href":"https:\/\/www.festicheyres.ch\/wp-json\/wp\/v2\/pages\/16\/revisions\/4392"}],"up":[{"embeddable":true,"href":"https:\/\/www.festicheyres.ch\/wp-json\/wp\/v2\/pages\/8"}],"wp:attachment":[{"href":"https:\/\/www.festicheyres.ch\/wp-json\/wp\/v2\/media?parent=16"}],"curies":[{"name":"wp","href":"https:\/\/api.w.org\/{rel}","templated":true}]}}

Présentation

<section class="wpb-content-wrapper"><p>[vc_row][vc_column][vc_column_text]</p>
<h1>Festi&rsquo;Cheyres, c&rsquo;est quoi ?</h1>
<p>[/vc_column_text][/vc_column][/vc_row][vc_row][vc_column width= »1/2&Prime;][vc_column_text]<strong>Festi’Cheyres, c’est d’abord une bande de copains, amateurs de musique, de fête et de société. Mais c’est aussi un cadre idyllique : une petite plage de sable au milieu de la réserve naturelle de la Grande Cariçaie. La rencontre de ces deux éléments donne naissance à un cocktail des plus explosifs : un festival gratuit, les pieds dans l’eau, avec de la musique plein les oreilles ! </strong></p>
<p>A Festi’Cheyres, il règne une ambiance particulière, unique ; une atmosphère presque magique. Cela s’explique tout d’abord par la gratuité du festival, principe fondamental, qui permet un accès à la culture pour tous. Cette gratuité si chère au festival offre aussi aux festivaliers un site complètement ouvert, où l’on peut profiter d’un accès direct à la plage et au lac, au farniente.</p>
<p>Cela s’explique ensuite par une programmation musicale et artistique très diversifiée qui promet de la découverte et crée de la rencontre entre personnes de différents horizons. Enfin, le fait que l’organisation entière du festival repose à 100% sur du bénévolat entraîne un esprit de solidarité et d’amitié qui se ressent et déborde sur le public.</p>
<p>De par son cadre, sa gratuité, sa programmation et son esprit d’équipe et bon enfant, Festi’Cheyres est un festival unique en son genre, bref, le Plus Gratuit Des Incroyables ![/vc_column_text][/vc_column][vc_column width= »1/2&Prime;][vc_single_image image= »2326&Prime; img_size= »large »][/vc_column][/vc_row][vc_row][vc_column][vc_btn title= »L&rsquo;Histoire de Festi&rsquo;Cheyres » style= »classic » shape= »square » color= »pink » size= »lg » align= »center » link= »url:https%3A%2F%2Fwww.festicheyres.ch%2Ffestival%2Fhistoire%2F|title:Histoire|rel:nofollow »][vc_empty_space][/vc_column][/vc_row][vc_row][vc_column width= »1/2&Prime;][vc_single_image image= »2325&Prime; img_size= »large »][/vc_column][vc_column width= »1/2&Prime;][vc_single_image image= »2327&Prime; img_size= »large »][/vc_column][/vc_row]</p>
</section>

<p>[vc_row][vc_column][vc_column_text] Festi&rsquo;Cheyres, c&rsquo;est quoi ? [/vc_column_text][/vc_column][/vc_row][vc_row][vc_column width= »1/2&Prime;][vc_column_text]Festi’Cheyres, c’est d’abord une bande de copains, amateurs de musique, de fête et de société. Mais c’est aussi un cadre idyllique : une petite plage de sable au milieu de la réserve naturelle de la Grande Cariçaie. La rencontre de ces deux éléments donne naissance à un cocktail des</p>
