{"id":2025,"date":"2019-11-15T10:57:15","date_gmt":"2019-11-15T09:57:15","guid":{"rendered":"https:\/\/www.festicheyres.ch\/?page_id=2025"},"modified":"2022-02-21T21:31:28","modified_gmt":"2022-02-21T20:31:28","slug":"hebergement","status":"publish","type":"page","link":"https:\/\/www.festicheyres.ch\/pratique\/hebergement\/","title":{"rendered":"H\u00e9bergement"},"content":{"rendered":"<p>[vc_row][vc_column][vc_column_text css_animation=\u00a0\u00bbfadeInUp\u00a0\u00bb]<\/p>\n<h1>H\u00e9bergements<\/h1>\n<p>[\/vc_column_text][vc_row_inner][vc_column_inner width=\u00a0\u00bb1\/2&Prime;][vc_column_text css_animation=\u00a0\u00bbfadeInLeft\u00a0\u00bb]<\/p>\n<h2>Camping<\/h2>\n<p>Nous n&rsquo;avons malheureusement pas la place ni les moyens logistiques pour mettre en place un camping. <strong>Il n&rsquo;y a donc pas de camping \u00e0 Festi&rsquo;Cheyres, ni d&rsquo;endroit o\u00f9 mettre une tente<\/strong>. Nous rappelons qu&rsquo;il est \u00e9galement interdit de camper dans la r\u00e9serve naturelle et pr\u00e9venons que la police y fait des contr\u00f4les et met des amendes.[\/vc_column_text][\/vc_column_inner][vc_column_inner width=\u00a0\u00bb1\/2&Prime;][vc_column_text css_animation=\u00a0\u00bbfadeInRight\u00a0\u00bb]<\/p>\n<h2>Camping d&rsquo;Yvonand<\/h2>\n<p>Le camping de la Menthue \u00e0 Yvonand nous a signifi\u00e9 pouvoir accueillir encore bon nombre de tentes et autres campeurs. Yvonand est le village \u00e0 c\u00f4t\u00e9 de Cheyres, le camping \u00e9tant tout proche de la gare, l&rsquo;acc\u00e8s sera facile.<\/p>\n<p><a href=\"http:\/\/www.camping-yvonand.ch\/\" target=\"_blanc\" rel=\"noopener noreferrer\">Camping de la Menthue<\/a>[\/vc_column_text][\/vc_column_inner][\/vc_row_inner][vc_row_inner][vc_column_inner][vc_separator style=\u00a0\u00bbshadow\u00a0\u00bb border_width=\u00a0\u00bb2&Prime; el_width=\u00a0\u00bb70&Prime; css_animation=\u00a0\u00bbappear\u00a0\u00bb][vc_column_text css_animation=\u00a0\u00bbslideInUp\u00a0\u00bb]<\/p>\n<h2 style=\"text-align: center;\">B&amp;B &#8211; aventure sur la paille &#8211; chalets &#8211; studios<\/h2>\n<div id=\"center\" style=\"text-align: center;\">\n<div id=\"content\">\n<p><a href=\"https:\/\/www.fribourgregion.ch\/fr\/estavayer-payerne\/hotels\/\">Liste des h\u00f4tels<\/a><br \/>\n<a href=\"https:\/\/www.fribourgregion.ch\/fr\/estavayer-payerne\/chambres-hotes\/\">Liste des chambres d&rsquo;h\u00f4tes<\/a><br \/>\n<a href=\"https:\/\/www.fribourgregion.ch\/fr\/estavayer-payerne\/chalets-appartements-de-vacances\/\">Liste des appartements de vacances<\/a><br \/>\n<a href=\"https:\/\/www.fribourgregion.ch\/fr\/estavayer-payerne\/hebergements-collectifs\/\">Liste des logements collectifs<\/a><br \/>\n<a href=\"https:\/\/www.fribourgregion.ch\/fr\/estavayer-payerne\/campings\/\">Liste des campings<\/a><br \/>\n<a href=\"https:\/\/www.fribourgregion.ch\/fr\/estavayer-payerne\/hebergements-insolites\/\">Liste des h\u00e9bergements insolites<\/a><\/p>\n<\/div>\n<\/div>\n<div id=\"footer\" style=\"text-align: center;\"><\/div>\n<p>[\/vc_column_text][\/vc_column_inner][\/vc_row_inner][vc_single_image image=\u00a0\u00bb2449&Prime; img_size=\u00a0\u00bblarge\u00a0\u00bb alignment=\u00a0\u00bbcenter\u00a0\u00bb onclick=\u00a0\u00bbcustom_link\u00a0\u00bb img_link_target=\u00a0\u00bb_blank\u00a0\u00bb css_animation=\u00a0\u00bbfadeInUp\u00a0\u00bb link=\u00a0\u00bbhttps:\/\/www.cheyres-chables-tourisme.ch\/hebergement\u00a0\u00bb][\/vc_column][\/vc_row]<\/p>\n","protected":false},"excerpt":{"rendered":"<p>[vc_row][vc_column][vc_column_text css_animation=\u00a0\u00bbfadeInUp\u00a0\u00bb] H\u00e9bergements [\/vc_column_text][vc_row_inner][vc_column_inner width=\u00a0\u00bb1\/2&Prime;][vc_column_text css_animation=\u00a0\u00bbfadeInLeft\u00a0\u00bb] Camping Nous n&rsquo;avons malheureusement pas la place ni les moyens logistiques pour mettre en place un camping. Il n&rsquo;y a donc pas de camping \u00e0 Festi&rsquo;Cheyres, ni d&rsquo;endroit o\u00f9 mettre une tente. Nous rappelons qu&rsquo;il est \u00e9galement interdit de camper dans la r\u00e9serve naturelle et pr\u00e9venons que la police<\/p>\n","protected":false},"author":5,"featured_media":0,"parent":2001,"menu_order":6,"comment_status":"closed","ping_status":"closed","template":"","meta":[],"_links":{"self":[{"href":"https:\/\/www.festicheyres.ch\/wp-json\/wp\/v2\/pages\/2025"}],"collection":[{"href":"https:\/\/www.festicheyres.ch\/wp-json\/wp\/v2\/pages"}],"about":[{"href":"https:\/\/www.festicheyres.ch\/wp-json\/wp\/v2\/types\/page"}],"author":[{"embeddable":true,"href":"https:\/\/www.festicheyres.ch\/wp-json\/wp\/v2\/users\/5"}],"replies":[{"embeddable":true,"href":"https:\/\/www.festicheyres.ch\/wp-json\/wp\/v2\/comments?post=2025"}],"version-history":[{"count":17,"href":"https:\/\/www.festicheyres.ch\/wp-json\/wp\/v2\/pages\/2025\/revisions"}],"predecessor-version":[{"id":3118,"href":"https:\/\/www.festicheyres.ch\/wp-json\/wp\/v2\/pages\/2025\/revisions\/3118"}],"up":[{"embeddable":true,"href":"https:\/\/www.festicheyres.ch\/wp-json\/wp\/v2\/pages\/2001"}],"wp:attachment":[{"href":"https:\/\/www.festicheyres.ch\/wp-json\/wp\/v2\/media?parent=2025"}],"curies":[{"name":"wp","href":"https:\/\/api.w.org\/{rel}","templated":true}]}}

Hébergement

<p>[vc_row][vc_column][vc_column_text css_animation= »fadeInUp »]</p>
<h1>Hébergements</h1>
<p>[/vc_column_text][vc_row_inner][vc_column_inner width= »1/2&Prime;][vc_column_text css_animation= »fadeInLeft »]</p>
<h2>Camping</h2>
<p>Nous n&rsquo;avons malheureusement pas la place ni les moyens logistiques pour mettre en place un camping. <strong>Il n&rsquo;y a donc pas de camping à Festi&rsquo;Cheyres, ni d&rsquo;endroit où mettre une tente</strong>. Nous rappelons qu&rsquo;il est également interdit de camper dans la réserve naturelle et prévenons que la police y fait des contrôles et met des amendes.[/vc_column_text][/vc_column_inner][vc_column_inner width= »1/2&Prime;][vc_column_text css_animation= »fadeInRight »]</p>
<h2>Camping d&rsquo;Yvonand</h2>
<p>Le camping de la Menthue à Yvonand nous a signifié pouvoir accueillir encore bon nombre de tentes et autres campeurs. Yvonand est le village à côté de Cheyres, le camping étant tout proche de la gare, l&rsquo;accès sera facile.</p>
<p><a href="http://www.camping-yvonand.ch/" target="_blanc" rel="noopener noreferrer">Camping de la Menthue</a>[/vc_column_text][/vc_column_inner][/vc_row_inner][vc_row_inner][vc_column_inner][vc_separator style= »shadow » border_width= »2&Prime; el_width= »70&Prime; css_animation= »appear »][vc_column_text css_animation= »slideInUp »]</p>
<h2 style="text-align: center;">B&amp;B &#8211; aventure sur la paille &#8211; chalets &#8211; studios</h2>
<div id="center" style="text-align: center;">
<div id="content">
<p><a href="https://www.fribourgregion.ch/fr/estavayer-payerne/hotels/">Liste des hôtels</a><br />
<a href="https://www.fribourgregion.ch/fr/estavayer-payerne/chambres-hotes/">Liste des chambres d&rsquo;hôtes</a><br />
<a href="https://www.fribourgregion.ch/fr/estavayer-payerne/chalets-appartements-de-vacances/">Liste des appartements de vacances</a><br />
<a href="https://www.fribourgregion.ch/fr/estavayer-payerne/hebergements-collectifs/">Liste des logements collectifs</a><br />
<a href="https://www.fribourgregion.ch/fr/estavayer-payerne/campings/">Liste des campings</a><br />
<a href="https://www.fribourgregion.ch/fr/estavayer-payerne/hebergements-insolites/">Liste des hébergements insolites</a></p>
</div>
</div>
<div id="footer" style="text-align: center;"></div>
<p>[/vc_column_text][/vc_column_inner][/vc_row_inner][vc_single_image image= »2449&Prime; img_size= »large » alignment= »center » onclick= »custom_link » img_link_target= »_blank » css_animation= »fadeInUp » link= »https://www.cheyres-chables-tourisme.ch/hebergement »][/vc_column][/vc_row]</p>

<p>[vc_row][vc_column][vc_column_text css_animation= »fadeInUp »] Hébergements [/vc_column_text][vc_row_inner][vc_column_inner width= »1/2&Prime;][vc_column_text css_animation= »fadeInLeft »] Camping Nous n&rsquo;avons malheureusement pas la place ni les moyens logistiques pour mettre en place un camping. Il n&rsquo;y a donc pas de camping à Festi&rsquo;Cheyres, ni d&rsquo;endroit où mettre une tente. Nous rappelons qu&rsquo;il est également interdit de camper dans la réserve naturelle et prévenons que la police</p>
